 + -26 - (1 + (1 - 3))
6
(-1 - 3 - (-7 + 4)) + 3
2
What is the value of 3 - (-4 + (5 + -2 - 1))?
5
What is -6 + 2 + (-2 - -2 - -2)?
-2
What is the value of 12 + -19 + 5 + (-1 - -4)?
1
What is -2 + (1 - 4) - -9?
4
1 + (6 - 1) + -1
5
-6 - (-9 + 2 - (5 + 0))
6
-5 + 2 + (1 - -2)
0
Calculate 7 - 13 - (-3 - -2).
-5
What is the value of -13 + 2 + -14 + 31?
6
-14 - 3 - (24 - 32)
-9
Evaluate -11 + (27 - 8) + -6.
2
Evaluate (-8 - -9) + -5 - -1.
-3
2 + (-3 - 3) - 2 - -2
-4
(3 - 4) + 6 - 2
3
-5 + 9 - (2 - 3)
5
What is the value of 3 - (-5 - (-7 + -2))?
-1
Evaluate (3 - -4 - -1) + -3.
5
Calculate (-12 - -10 - (0 + -1)) + -4.
-5
What is the value of -4 + 4 + (2 - (6 - -6))?
-10
What is 125 - 120 - (-1 + 3)?
3
Evaluate -15 - -11 - (0 + 0 - 3).
-1
Evaluate -3 - (4 + -2 - 5 - -1).
-1
(-5 - -11) + -8 + 0 + 1
-1
(2 - 1) + -8 + 3
-4
What is the value of 0 - -2 - 0 - (0 + 5)?
-3
0 + 0 + 2 - -3
5
What is the value of (-11 - 1) + -1 + 17?
4
Evaluate 12 + -3 + -10 - (1 - 1).
-1
Calculate 7 + 0 + -4 + -1.
2
What is -3 + 23 + -5 + -2 + -5?
8
Evaluate (3 + -2 - (0 - -3)) + 4.
2
What is the value of 4 + -2 + 3 - (11 - 7)?
1
What is the value of -7 + -6 + 12 - 1?
-2
165 + -168 + (-2 + 1 - -1)
-3
What is the value of 3 + -14 + 4 + 3 + -1?
-5
Evaluate (-7 - -4) + 2 - (-7 - -1).
5
Calculate -7 + 2 - (-4 + 3 - -1).
-5
What is the value of (0 - 0 - (-5 - -2)) + 2?
5
What is 0 - 8 - (-65 - -61)?
-4
What is 5 + -18 + 0 + 13 + -7?
-7
Evaluate 2 - (1 + 8 + -14).
7
Calculate -4 - (3 - 11) - 2.
2
5 + (-4 + 1 + -1 - -1)
2
Calculate 5 - 6 - (-2 + 0).
1
1 + 5 + -3 + 33 + -38
-2
What is the value of 2 + (-7 + 5 - -1)?
1
What is -2 - (0 + 2 + (-3 - 3))?
2
(7 - (0 + 8)) + -7
-8
Calculate 2 + -3 - (7 - 3).
-5
What is 11 + -5 + 0 + -4?
2
What is 3 - (6 + 6 + (-2 - 2))?
-5
Calculate 4 - (2 + -2) - (41 + -31).
-6
-1 - (3 + -6 - -5)
-3
Calculate (-5 - 0) + -35 + 36.
-4
Calculate -3 + -3 + 1 + 2.
-3
2 - 7 - (-1 - 3)
-1
Evaluate (6 - (-4 + 2 - -3)) + -4.
1
Calculate (0 - (-4 + -2) - 2) + 0.
4
What is the value of (2 - 0) + (0 - (4 + -7))?
5
Evaluate -6 - (2 - -2) - -10.
0
What is (-3 - -1) + -3 + 0 + 4?
-1
-13 + -16 + 4 + 19
-6
Calculate 32 + -37 + (-3 - 0) - -7.
-1
Evaluate 3 + -6 - 0 - (0 + 1).
-4
Calculate -5 + 4 + -2 - -3.
0
Calculate (-4 - (-2 + 2 - 7)) + -4.
-1
What is 3 - (0 - 0 - -1)?
2
-18 + (2 - -9) + (1 - -4)
-2
Evaluate 4 + (2 + 0 - 11).
-5
What is 1 + 0 + -3 - (-33 - -30)?
1
What is the value of -11 + 4 + -4 + 10?
-1
What is the value of 2 + (13 + -5 - 7)?
3
Evaluate 0 + 0 + -4 + 3.
-1
37 + -31 - (2 + 2 + 1)
1
2 - -1 - (2 - 2)
3
What is -2 + 0 + (-1 + 2 - 0)?
-1
What is -9 + -2 - (2 + 0 - 7)?
-6
Evaluate -20 + 8 - -22 - 13.
-3
What is the value of -2 - 1 - (-5 + (8 - 5))?
-1
What is 2 - -4 - 5 - (1 + 1)?
-1
Calculate 0 - (-1 + 3) - 6.
-8
Calculate (0 - (-1 - 2)) + (-168 - -157).
-8
Calculate (18 - 26) + 2 + 1.
-5
What is the value of 8 + 5 - 2 - (-1 - -6)?
6
What is -8 + 3 + 7 + -6?
-4
What is the value of (1 - 0) + (32 - 38)?
-5
Evaluate -1 + 5 + (10 - 12) + 0.
2
What is -5 - (3 + (5 - (-7 + 11)))?
-9
Evaluate -3 + 6 + 7 + -5.
5
What is the value of -12 - (-6 + -5 - -3 - -3)?
-7
-14 + 0 + 8 + (-4 - -2)
-8
5 - (2 + -1) - 5
-1
1 - -3 - (-59 + 54)
9
(7 - 2) + -7 + -3 + 1
-4
Evaluate -81 - -82 - (2 + -1 + 8).
-8
What is -9 - (0 - (-5 + 8 + 1))?
-5
What is 6 - ((11 - 5) + (7 - 3))?
-4
Evaluate (-1 - -10) + 3 + -4 + -4.
4
Evaluate (4 - 1) + (7 - (9 - 0)).
1
Calculate 3 + (2 - (-1 - (0 + -3))).
3
What is the value of -9 - -5 - (-10 - 0)?
6
Evaluate 1 - 1 - (3 + -15 - -11).
1
Calculate (8 - 10) + 9 - 12.
-5
Evaluate (-3 - 1) + 2 - (-94 + 89).
3
What is the value of -4 + (-10 - (-6 + -7))?
-1
Calculate (13 - (-2 - -4)) + (-29 - -23).
5
Evaluate (0 - -3) + -11 + 5.
-3
Evaluate 2 + (-2 - 2) - -3.
1
Calculate -4 - (-6 + -3 - 5).
10
Evaluate (-9 + 4 - -11) + -9.
-3
What is 3 + (-12 - -1) + 11?
3
What is the value of -1 + -1 - 0 - (2 - 0)?
-4
What is 0 - 1 - (2 - (-7 - -11))?
1
Evaluate -11 + -1 + 7 + 4.
-1
Evaluate -27 + 31 - (0 - 3).
7
Evaluate (1 - 4) + 12 + -5.
4
Evaluate 94 - 98 - (1 - 5).
0
Calculate 6 + -1 - (1 - (5 + -15)).
-6
What is the value of -4 - (-3 - 2 - -4)?
-3
What is 5 - -4 - 5 - (-1 - -1)?
4
Calculate 2 + (-5 - -3 - -2) - 1.
1
What is the value of (-6 - (-6 + 10)) + 18?
8
What is 6 - (10 + -3 - (-5 + 13))?
7
Calculate 5 - 0 - (-8 - -12).
1
Calculate (-4 - (-3 + 2)) + 4.
1
Evaluate 7 + -7 + -4 + 5 + -1.
0
Calculate -5 + 5 + -2 + 2.
0
(-4 - (9 - 3)) + 9
-1
What is 2 + (-3 - 1) + 3 + 1?
2
Calculate -4 - (4 + (-3 - (-3 - -4))).
-4
Evaluate (-6 - 1) + (11 - (4 + 2)).
-2
-4 + 0 + 0 + 3 + -8
-9
What is (-5 - 0 - (8 + -6)) + 8?
1
What is the value of (-5 - -9) + (-6 - 2)?
-4
Evaluate (1 - 3 - 3) + 2 - 0.
-3
(-12 - -16) + -20 - -7
-9
What is 10 + (0 - (0 - -2 - -2))?
6
Evaluate -7 + -4 + (60 - 54).
-5
1 - (-1 - (-2 - 3))
-3
What is -3 + -4 + -2 + (3 - 1)?
-7
Evaluate 15 + -21 + -2 + -1 + 0.
-9
-9 - (0 - (7 - 1))
-3
What is the value of 4 + -4 + 0 + (-31 - -25)?
-6
Evaluate 3 + 1 - (-7 + 7).
4
What is 4 + -2 + 0 + -32 + 29?
-1
Evaluate -2 + (-1 - 0) + 1.
-2
What is 2 + -2 + 9 + -11?
-2
(1 - (-8 - -6)) + (4 - 0)
7
Calculate (-3 - -3) + (-2 - -5).
3
Calculate -5 + (4 - 2) - 0 - -3.
0
What is the value of 12 - ((-1 - (1 - 7)) + 1)?
6
Evaluate 3 + -11 + 4 + (1 - -6).
3
Evaluate 17 + -17 - (0 + -4).
4
What is 2 + -7 + 8 + -8 - 1?
-6
4 + (-9 - 0) + 1
-4
-5 + 3 + 13 + -8
3
Calculate -1 + (-8 + 4 - -3).
-2
18 - 11 - (5 + 2 + -3)
3
What is the value of -1 - 1 - (1 + 0) - -5?
2
What is the value of (-5 - 3) + 3 - (1 + -7)?
1
What is the value of 43 + -36 - (5 - 1)?
3
What is the value of -3 + (-2 - (-4 + -1 + 1))?
-1
What is the value of 156 - 160 - (-1 + -2)?
-1
Calculate -1 + (-4 - -3) - (4 + -11).
5
Evaluate -1 - (0 + -2) - (3 + -2).
0
What is the value of -6 + (-3 - (-5 - 6))?
2
Evaluate 2 + -9 + -4 + 14 - -1.
4
Calculate -4 + -3 + 6 + -4.
-5
What is 0 + (-5 - -6 - 3)?
-2
Evaluate 1 - -6 - (7 - -3).
-3
-7 - (-1 - (1 - -4) - -2)
-3
What is the value of -14 - ((3 - 0) + -2 + -6)?
-9
What is the value of -1 + 2 + (-2 - -6)?
5
What is the value of -12 - -8 - (0 - (6 + -3))?
-1
What is the value of -15 + 6 + (-8 - -14)?
-3
Calculate -2 - (-3 - (3 - 2) - -3).
-1
(-1 - 6) + (-4 - -15)
4
What is the value of -8 - 1 - (246 + -265)?
10
Calculate 5 - (0 + 5 + -7 - -1).
6
Evaluate (-8 - -15 - (-1 - -6)) + -7.
-5
Evaluate 2 + -7 + 3 + (-11 - -10).
-3
What is the value of 20 - 21 - (-3 + 0)?
2
What is 1 + (0 - 2) + 0?
-1
4 - (-2 - (-3 - -2)) - -3
8
What is the value of -3 - (-2 + 3) - -1?
-3
What is the value of 6 + -16 + 7 - 4 - -3?
-4
What is the value of (2 - (0 + 6) - -2) + -2?
-4
Calculate (-8 - 0 - -6) + 4.
2
Evaluate (-8 - -5) + -1 + -1 + 0.
-5
Evaluate -1 - 0 - (-2 - -1 - -1).
-1
What is the value of 7 + -14 + -4 + 11?
0
4 - (1 + -3 - -2)
4
Evaluate (-6 - -8) + (2 - 13) + 4.
-5
8 - (2 + 2 + 49 + -42)
-3
Evaluate -1 + (0 - -5) - 4.
0
What is (-7 - -5) + -4 + 2?
-4
Calculate -3 + (6 - 9 - -9).
3
What is 0 - 1 - (4 + -8 + 10)?
-7
What is -2 + 0 + 1 + 1 + 2?
2
Evaluate (1 - (0 - 2)) + -6.
-3
Calculate 8 - 2 - (6 + 1).
-1
What is the value of -1 + 4 - 7 - 0?
-4
What is the value of (4 - 8 - 2) + 6?
0
0 + (2 - 3) + 1 + 1
1
Calculate 2 - (2 + -4 + (3 - 3)).
4
What is the value of (-12 - -4) + -17 + 20?
-5
What is the value of 5 + -6 - 4 - -3?
-2
Calculate 2 + (-2 - -7) + (5 - 6).
6
-387 + 393 + -4 + 0 + -1
1
What is the value of 1 - -1 - (2 + (12 - 8))?
-4
Evaluate 0 + (-3 - -4) + (1 - 1).
1
What is -3 - -1 - (-12 + 5 - -11)?
-6
Evaluate -1 - (-3 + -1 - -2).
1
What is the value of 3 + (4 - 10) + -2?
-5
(-1 - (-5 + 1)) + -2
1
What is the value of 0 + (-3 - 4) - -2?
-5
Evaluate (0 + 5 - 5) + 1.
1
Calculate 2 - (-2 - (-3 - -3 - 6)).
-2
Evaluate 1 + -1 + (-3 - -7) - 1.
3
Calculate -5 - (-1 + 0 - -1).
-5
Evaluate 3 + (11 - 7) + -11.
-4
Evaluate -2 + (3 - (1 + -1 + 3)).
-2
Evaluate 5 - 2 - -5 - 4.
4
What is the value of -26 + 25 - (1 + 1 + 1)?
-4
-4 + 7 + 4 + -6
1
Evaluate (-3 - 1) + (4 - (2 - 2)).
0
Evaluate -4 - ((-2 - -3) + 3 - 9).
1
Evaluate 0 + (-3 + 2 + -2 - -4).
1
What is -3 - (-5 - 0 - -3)?
-1
Evaluate -4 + 3 + (-6 + 1 - -8).
2
What is 5 + (-5 - -5) + -3?
2
What is the value of -2 + 3 - (2 - (-4 - -4))?
-1
What is the value of -8 + 1 - (-4 + -3)?
0
What is 0 + -14 + 3 + (1 - -3)?
-7
Calculate -3 -